5*p - 1521, -11*p + 1211 = -7*p + 5*m. Let d(t) = -2*t - 3. Let u be d(-6). Suppose 0 = u*w - w - p. List the prime factors of w.
2, 19
Let p(k) = -11*k + 14. Suppose -57 - 69 = 3*b. Let f = b + 30. List the prime factors of p(f).
2, 73
Let f(x) = 3*x - 20 - 27*x + 63 + 8*x. Suppose 0*g + 4*g = -36. List the prime factors of f(g).
11, 17
Let d(g) = 7480*g**2. Let r be d(1). Suppose -186*c + 175*c = -r. List the prime factors of c.
2, 5, 17
What are the prime factors of 20815 - 0/(-1*6/48*8)?
5, 23, 181
Let f = -6226 + 9924. What are the prime factors of f?
2, 43
Let d(k) = 840*k**2 - 4*k + 8. Let r be d(2). Suppose -6*f + r = -420. List the prime factors of f.
2, 3, 5, 7
Suppose -8*k + 12*k - 360 = 0. Let w = k + 58. Suppose 0 = -2*j + 6*j - w. What are the prime factors of j?
37
Suppose 22 - 22 = 2*b. Suppose -v + 10 - 4 = b. What are the prime factors of (-3)/v + 1026/4?
2
Let w(c) = 706*c**2 + 99*c - 105. What are the prime factors of w(-9)?
2, 3, 5, 1873
Suppose 0 = 7*q - 37 - 40. Let s(r) = -r**3 + 11*r**2 + 24*r + 16. Let p be s(q). Suppose p = 3*o - 68. List the prime factors of o.
2, 29
Let m(u) = u**2 - 233*u + 4050. List the prime factors of m(0).
2, 3, 5
Let b = -6490 + 20378. Suppose -33*j + 2*j = -b. What are the prime factors of j?
2, 7
Let x(c) = c**2 - 11*c + 5. Let z be x(11). Suppose 2235 = z*n - 3*q, -2*q = -5*n + 2907 - 672. Suppose 147 = 9*r - n. What are the prime factors of r?
2, 3, 11
Suppose -13*i - 59106 + 1113484 = 94*i. List the prime factors of i.
2, 13, 379
Let u = 173 - 179. What are the prime factors of (-4)/(-6) + (16672/u)/(-8)?
2, 3, 29
Let k(v) = 2*v**2 + 9*v - 26. Let n be k(2). Suppose -m - 180 - 63 = -2*z, 3*z - 3*m - 357 = n. List the prime factors of z.
2, 31
Let p = -1467 + 686. Let z = 1302 + p. What are the prime factors of z?
521
Suppose 3*a - 584 = a - 2*s, -a = -3*s - 280. Suppose 0 = -f + 3*m + 309, a = -f + 2*f + 2*m. What are the prime factors of f?
3, 11
Let m(r) be the second derivative of r**5/10 - r**4/2 + 7*r**3/6 - 13*r**2/2 - 4*r + 12. What are the prime factors of m(8)?
683
Let m(c) = c**3 - 4*c**2 - 6*c + 5. Let n be (-129)/(-27) - (-4)/18. Let r be m(n). Suppose r = -2*y - 4*y + 234. List the prime factors of y.
3, 13
Suppose -64*d = -65*d + 9128. Suppose 4263 = 7*g - d. List the prime factors of g.
1913
Suppose -31711 = -14*f + 82585. What are the prime factors of f?
2, 13, 157
Let d(t) = t + t**2 - 7 + 5*t**2 + 3 - 10. Let p be d(-6). Suppose 0 = -4*w - 2*m + p, -2*w + 50 = -2*m - 36. What are the prime factors of w?
47
Let d = 28696 + -9660. List the prime factors of d.
2, 4759
Let u = 6257 - 3015. What are the prime factors of u?
2, 1621
Let f(v) = 2382*v**2 - 11*v - 140. List the prime factors of f(-5).
5, 7, 1699
Let p(w) = -2*w**2 - 6*w + 62. Let v be p(13). Let z = -169 - v. What are the prime factors of z?
5, 37
Let u be ((-11)/(-6))/(-11) + (-110)/(-12). Suppose -14*z = -u*z + 175. What are the prime factors of (-3245)/z + (-4)/(-14)?
3, 31
Suppose 2*l - 4*l = -110. Suppose 4*j - 8*j = 5*t - 60, 3*j = -5*t + l. Suppose b = t*b - 567. List the prime factors of b.
3
Suppose -3*v + 10 = 2*l + 116, -4*l + 112 = -3*v. What are the prime factors of (66/12)/((-2)/v)?
3, 11
Let l(v) = -17*v**3 - 17*v**2 + 31*v - 77. List the prime factors of l(-9).
2, 5, 13, 41
Suppose 3*i = 3*i + 11*i - 128282. List the prime factors of i.
2, 7, 17
Let q be (-4)/((-2)/10 + 132/60). List the prime factors of 223/q*(-32)/8.
2, 223
Let r = 18946 + -11091. What are the prime factors of r?
5, 1571
Let j(d) = 531*d**3 - d + 1. Let k be j(1). Let x = k - 260. List the prime factors of x.
271
Let p(w) = -2*w**3 + 4*w**2 + 13*w + 14. Let x be p(-9). Suppose x = 4*q - 1. What are the prime factors of q?
2, 3, 5, 7
Suppose -2926908 = 8672*o - 8726*o. What are the prime factors of o?
2, 41, 661
Let c = -108 + 108. Suppose 0 = 3*g - 5*u - c*u - 898, -5*g = 5*u - 1550. List the prime factors of g.
2, 3, 17
Suppose -209*f = -217*f + 143536. What are the prime factors of f?
2, 8971
Suppose -2*t = -3*t - 2*o + 9, -36 = -4*t - 5*o. Suppose -18*f + 3888 = -t*f. List the prime factors of f.
2, 3
Let s(t) = -2*t**3 + 66*t**2 - 114*t - 18. What are the prime factors of s(17)?
2, 1823
Let t = -12319 + 20280. List the prime factors of t.
19, 419
Suppose 82*u - 171*u + 86*u + 115788 = 0. What are the prime factors of u?
2, 9649
Suppose 2076 = -38*u + 34*u. Let q = -499 - u. List the prime factors of q.
2, 5
Suppose -32*c - 8 + 392 = 0. What are the prime factors of 7/2 + -3 - (-20802)/c?
2, 3, 17
Suppose 0 = 5*k - 9 - 11. Let j(b) = -b**2 - 3. Let a(r) = 5*r**2 + 12. Let g(l) = 4*a(l) + 18*j(l). What are the prime factors of g(k)?
2, 13
Let q be (-40)/(-320) + 1039/8. Suppose 134*u = q*u + 3312. What are the prime factors of u?
2, 3, 23
Suppose -5*n + 5*q = -97135, 19430 = -123*n + 124*n + 2*q. What are the prime factors of n?
2, 3, 1619
Let d(n) = n**2 + n - 2. Let x be d(-2). Let r be (-7)/(x - 4/32). Let o = 2 + r. What are the prime factors of o?
2, 29
Let d = -505 - -509. Suppose 2077 = 5*q - 2*q + 5*i, -4*i + 2780 = d*q. List the prime factors of q.
3, 233
Let s(b) = -7*b - 5. Let y be (6 + -4)/(-2)*-21. Let g be -9*(y/9 - 2). What are the prime factors of s(g)?
2
List the prime factors of (124683/(-4))/(-3) - 55*18/792.
3, 3463
Suppose 3*q + 127922 = 5*j, j + 3369 - 28961 = -7*q. List the prime factors of j.
5, 7, 17, 43
Let l(t) = -t**2. Let k(x) = 3*x**2 - 9*x + 31. Let w be (-6)/(-24)*(-5 + 1). Let h(f) = w*k(f) - 4*l(f). List the prime factors of h(-16).
3
Suppose -118 = -5*a - 6*q + 2*q, 2*q = 4. Let i = 10 + a. Suppose 5*s = 13 + i. List the prime factors of s.
3
Let p = 649 - 649. What are the prime factors of (-1)/((-3138)/1044 - (p + -3))?
2, 3, 29
Suppose -4*u - 446 = 3*j, 14*j - 12*j = -3*u - 299. List the prime factors of 2026/10 + -1 + j/(-355).
2, 101
Let z be 4 + (-11 - (-2 + 3 + -2)). Let m(s) = -2*s**3 - 5*s**2 + 12*s + 23. List the prime factors of m(z).
7, 29
Let s(p) = p**3 - 15*p**2 + 47*p - 4. Let l be s(6). Let d = -14 - l. What are the prime factors of d?
2
What are the prime factors of (-2 - -8)*6062/21*138/4?
2, 3, 23, 433
Let d = -361 - -682. What are the prime factors of d?
3, 107
Suppose -5*c = -5*b + 105, -9*c + 59 = 3*b - 8*c. Suppose -b*w + 1463 = -1677. What are the prime factors of w?
157
Suppose 2*q - 304*g = -307*g + 24820, 4*g = -4*q + 49640. List the prime factors of q.
2, 5, 17, 73
Suppose -2*q - 2*c - c - 48 = 0, 0 = 4*q - 3*c + 60. Let h = 60 + q. Suppose 4*k + h = b, 0 = 6*k - 7*k + 5. What are the prime factors of b?
2, 31
Suppose 9*a + 50 = 167. Suppose -2752 - 3488 = -a*y. What are the prime factors of y?
2, 3, 5
Suppose 1263855 = 157*s - 1997192. What are the prime factors of s?
20771
Let h = -4159 - -5266. What are the prime factors of h?
3, 41
Let w(q) = -q**3 - 5*q**2 + 15*q + 10. Let o be w(-7). Let j(r) = 4 + r - 76*r**3 - 69*r**o + 136*r**3. List the prime factors of j(-2).
2, 37
Let g(b) = -102*b - 74. Let m be g(-7). Let y = m - 310. List the prime factors of y.
2, 3, 5, 11
Suppose 117 - 137 = -4*y. Suppose y*h + 3*j - 2*j = 4835, -2873 = -3*h + 5*j. What are the prime factors of h?
2, 3, 7, 23
Suppose -5*l + 4*l + 2*x = 75765, -2*l - x = 151540. Let d be l/(-136) + (-2)/16. Suppose 2*z - 183 = 4*r - d, -2*z - 182 = -2*r. List the prime factors of r.
2, 3
Let s(z) = z**2 - 11*z + 10. Let w be s(9). Let i be 201/(-9) + w/(-6). Let a = i - -27. What are the prime factors of a?
2, 3
Let g = -6435 + 11203. What are the prime factors of g?
2, 149
Suppose 29*g + 0*g - 1778208 = -19*g. List the prime factors of g.
2, 18523
Let v be (-838)/(-20) - 27/(-270). Suppose 4*u + 64 = 3*l, -v = -4*l - 4*u + 6. List the prime factors of l.
2
Suppose -m + 1150 = -2*q, m - 4*q = -4*m + 5756. Suppose -m = -3*n + 2616. What are the prime factors of n?
2, 157
Let r(v) = 28*v - 24. Let x = 31 + -31. Suppose -3*h + 15 + x = 0. What are the prime factors of r(h)?
2, 29
Suppose 3*q + 1893 = 7*x - 6*x, -5691 = -3*x + 5*q. Suppose n = -530 + x. What are the prime factors of n?
2, 7
Suppose 1859 = 5*s + 3*a, -6*a = -3*s - 4*a + 1104. Suppose -q - 3*y = -s, 0*q - 1438 = -4*q + 2*y. What are the prime factors of q?
19
Let g be ((-12)/(-20) + -1)*20. Let p = g - -167. Suppose -249 = -3*c +